{"id":142,"date":"2019-11-07T16:35:32","date_gmt":"2019-11-07T16:35:32","guid":{"rendered":"http:\/\/antoniovalencia.com\/?page_id=142"},"modified":"2020-01-31T12:43:59","modified_gmt":"2020-01-31T12:43:59","slug":"moldeado","status":"publish","type":"page","link":"https:\/\/antoniovalencia.com\/index.php\/moldeado\/","title":{"rendered":"Moldeado \/ Desrizante"},"content":{"rendered":"<p>[vc_row][vc_column width=\u00bb1\/2&#8243;][vc_column_text]<\/p>\n<h4>Con<strong> UNAMY SYSTEM<\/strong> de <em>Kemon<\/em><\/h4>\n<h4>El sistema profesional, sencillo y seguro, para modificar la forma de tu cabello de modo permanente o semipermanente. Lisos perfectos o rizos definitivos; control o volumen, manteniendo el cabello suave y el\u00e1stico.<br \/>\nCambia de forma, transforma tu estilo.<\/h4>\n<ul>\n<li>\n<h4>El encanto de las <strong>ondas<\/strong> es que pueden lucir bien en cualquier corte.<\/h4>\n<h4>Su forma es muy vers\u00e1til, ya que se pueden llevar sueltas o con cabello recogido. Las ondas por efecto visual suavizan las facciones adem\u00e1s dan luz y calidez al rostro.<\/h4>\n<h4>Llaman la atenci\u00f3n por todo el movimiento que transmiten no importando si las llevas en capas cortas o largas.<\/h4>\n<\/li>\n<\/ul>\n<h4><\/h4>\n<ul>\n<li>\n<h4>Una de las mejores ventajas de hacerte el <strong>pelo rizado<\/strong> es que es s\u00faper vers\u00e1til. Puedes lavar y peinar el cabello con los estilos m\u00e1s diferentes que se te pueda imaginar, y siempre te ver\u00e1s fabulosa con gorros, pa\u00f1uelos, trenzas, cola de caballo o un nudo en la parte superior de la cabeza. \u00a1S\u00f3lo es cuesti\u00f3n de imaginaci\u00f3n! El movimiento, el volumen o simplemente no pasar desapercibida: particularmente, el pelo rizado es m\u00e1s divertido. Lejos de ser aburrido poseer toneladas de rulos sobre la cabeza, los pelos retorcidos tienen personalidad, sin poder ser domesticados.<\/h4>\n<\/li>\n<\/ul>\n<h4><\/h4>\n<ul>\n<li>\n<h4>Las ventajas de un <strong>cabello alisado<\/strong>: Ahorras tiempo, no tendr\u00e1s que utilizar la plancha todos los d\u00edas, el cabello te quedar\u00e1 brillante, lacio y suave, el pelo no se altera con la humedad, la lluvia o las temperaturas altas, puedes moldearlo para crear rizos u ondas y podr\u00e1s regresar a tu cabello natural cuando este crezca.<\/h4>\n<\/li>\n<\/ul>\n<p>[\/vc_column_text][\/vc_column][vc_column width=\u00bb1\/2&#8243;][vc_single_image image=\u00bb441&#8243; img_size=\u00bbfull\u00bb alignment=\u00bbcenter\u00bb][\/vc_column][\/vc_row]<\/p>\n","protected":false},"excerpt":{"rendered":"<p>[vc_row][vc_column width=\u00bb1\/2&#8243;][vc_column_text] Con UNAMY SYSTEM de Kemon El sistema profesional, sencillo y seguro, para modificar la forma de tu cabello de modo permanente o semipermanente. Lisos<span class=\"excerpt-hellip\"> [\u2026]<\/span><\/p>\n","protected":false},"author":1,"featured_media":0,"parent":0,"menu_order":0,"comment_status":"closed","ping_status":"closed","template":"","meta":[],"_links":{"self":[{"href":"https:\/\/antoniovalencia.com\/index.php\/wp-json\/wp\/v2\/pages\/142"}],"collection":[{"href":"https:\/\/antoniovalencia.com\/index.php\/wp-json\/wp\/v2\/pages"}],"about":[{"href":"https:\/\/antoniovalencia.com\/index.php\/wp-json\/wp\/v2\/types\/page"}],"author":[{"embeddable":true,"href":"https:\/\/antoniovalencia.com\/index.php\/wp-json\/wp\/v2\/users\/1"}],"replies":[{"embeddable":true,"href":"https:\/\/antoniovalencia.com\/index.php\/wp-json\/wp\/v2\/comments?post=142"}],"version-history":[{"count":10,"href":"https:\/\/antoniovalencia.com\/index.php\/wp-json\/wp\/v2\/pages\/142\/revisions"}],"predecessor-version":[{"id":455,"href":"https:\/\/antoniovalencia.com\/index.php\/wp-json\/wp\/v2\/pages\/142\/revisions\/455"}],"wp:attachment":[{"href":"https:\/\/antoniovalencia.com\/index.php\/wp-json\/wp\/v2\/media?parent=142"}],"curies":[{"name":"wp","href":"https:\/\/api.w.org\/{rel}","templated":true}]}}