{"id":220,"date":"2019-11-08T08:16:17","date_gmt":"2019-11-08T08:16:17","guid":{"rendered":"http:\/\/antoniovalencia.com\/?page_id=220"},"modified":"2020-01-31T12:46:58","modified_gmt":"2020-01-31T12:46:58","slug":"programa-especial-novias","status":"publish","type":"page","link":"https:\/\/antoniovalencia.com\/index.php\/programa-especial-novias\/","title":{"rendered":"Programa especial novias\/os"},"content":{"rendered":"<p>[vc_row][vc_column][vc_column_text]<\/p>\n<h4>El personal de<a href=\"http:\/\/antoniovalencia.com\/\"> Antonio Valencia<\/a> est\u00e1 totalmente al d\u00eda en estilismo, para asegurarse de seguir en la vanguardia para la moda en novias.\u00a0En el d\u00eda de la boda podemos programar una sesi\u00f3n especial en nuestro sal\u00f3n \u00a0o desplazarnos a tu domicilio si lo deseas.<\/h4>\n<h4>Solo tienes que relajarte y disfrutar del d\u00eda de tu boda, nosotros nos encargaremos de que luzcas perfecta\/o en tus fotos.<\/h4>\n<h4><strong>Peinados de novia.<\/strong> Siempre personalizando y buscando lo que m\u00e1s favorezca y a gusto de la novia\u2026 con recogido, cabello suelto, semirecogido, cabello corto, con tocado, con velo, mantilla\u2026. Muchas opciones, porque cada novia es \u00fanica.<\/h4>\n<h4><strong>Maquillaje de novia.<\/strong> El maquillaje nupcial puede ser natural y luminoso, realzando los rasgos y corrigiendo las imperfecciones, o si lo deseas puede ser un maquillaje personalizado con tus gustos habituales, potenciando as\u00ed la belleza de cada novia en su estilo.<\/h4>\n<h4><strong>Maquillaje de novio.<\/strong> Este tipo de maquillaje no debe notarse, sirve para corregir imperfecciones del rostro (como granitos, ojeras, venas, manchas, etc.) y resaltar lo m\u00e1s leve posible sus facciones.<\/h4>\n<h4><strong>OPERATIVA NOVIAS<\/strong><\/h4>\n<h4><strong>Prueba.<\/strong>\u00a0Sobre un mes antes de la boda, realizamos la prueba del peinado o recogido y maquillaje. Contando siempre con nuestro asesoramiento, ponemos a tu disposici\u00f3n un gran abanico de propuestas en el que sin duda encontraras, la imagen de tus sue\u00f1os para ese d\u00eda tan especial. Durante la prueba realizaremos fotograf\u00edas desde los diferentes \u00e1ngulos para que podamos elegir la propuesta que mejor vaya contigo.<\/h4>\n<h4>El d\u00eda de la boda\u00a0\u00a0te damos a elegir la opci\u00f3n que m\u00e1s se adapte a tus necesidades:<\/h4>\n<ul>\n<li>\n<h4>Te atendemos en el sal\u00f3n:\u00a0Si quieres desplazarte a nuestro sal\u00f3n, te realizamos el peinado y maquillaje para que salgas completamente lista para el evento<\/h4>\n<\/li>\n<li>\n<h4>Te atendemos en el sal\u00f3n y te retocamos a domicilio:\u00a0Si quieres que te retoquemos el peinado, maquillaje y te apliquemos el tocado, velo, mantilla etc., justo antes de salir de tu casa.<\/h4>\n<\/li>\n<li>\n<h4>Nos desplazamos, en exclusiva y para t\u00ed a tu domicilio para que est\u00e9s m\u00e1s c\u00f3moda y tranquila, sin que tengas que moverte de tu hogar.<\/h4>\n<\/li>\n<\/ul>\n<h4><em>Hay todo un mundo de posibilidades, ya que cada novia tiene caracter\u00edsticas y gustos diferentes que hacen que cada maquillaje sea diferente y personalizado, dando rienda suelta a la imaginaci\u00f3n.<\/em><\/h4>\n<h4>Inf\u00f3rmate sin compromiso en nuestro sal\u00f3n o\u00a0<strong><em><a href=\"http:\/\/antoniovalencia.com\/index.php\/contact\/\">contacta\u00a0<\/a><\/em><\/strong>con nosotros!!<\/h4>\n<p>[\/vc_column_text][\/vc_column][\/vc_row][vc_row][vc_column width=\u00bb1\/3&#8243;][rev_slider_vc alias=\u00bbespecialnovioschica\u00bb][\/vc_column][vc_column width=\u00bb1\/3&#8243;][rev_slider_vc alias=\u00bbespecialnoviosfotos\u00bb][\/vc_column][vc_column width=\u00bb1\/3&#8243;][rev_slider_vc alias=\u00bbespecialnovioschico\u00bb][\/vc_column][\/vc_row]<\/p>\n","protected":false},"excerpt":{"rendered":"<p>[vc_row][vc_column][vc_column_text] El personal de Antonio Valencia est\u00e1 totalmente al d\u00eda en estilismo, para asegurarse de seguir en la vanguardia para la moda en novias.\u00a0En el d\u00eda<span class=\"excerpt-hellip\"> [\u2026]<\/span><\/p>\n","protected":false},"author":1,"featured_media":0,"parent":0,"menu_order":0,"comment_status":"closed","ping_status":"closed","template":"","meta":[],"_links":{"self":[{"href":"https:\/\/antoniovalencia.com\/index.php\/wp-json\/wp\/v2\/pages\/220"}],"collection":[{"href":"https:\/\/antoniovalencia.com\/index.php\/wp-json\/wp\/v2\/pages"}],"about":[{"href":"https:\/\/antoniovalencia.com\/index.php\/wp-json\/wp\/v2\/types\/page"}],"author":[{"embeddable":true,"href":"https:\/\/antoniovalencia.com\/index.php\/wp-json\/wp\/v2\/users\/1"}],"replies":[{"embeddable":true,"href":"https:\/\/antoniovalencia.com\/index.php\/wp-json\/wp\/v2\/comments?post=220"}],"version-history":[{"count":16,"href":"https:\/\/antoniovalencia.com\/index.php\/wp-json\/wp\/v2\/pages\/220\/revisions"}],"predecessor-version":[{"id":456,"href":"https:\/\/antoniovalencia.com\/index.php\/wp-json\/wp\/v2\/pages\/220\/revisions\/456"}],"wp:attachment":[{"href":"https:\/\/antoniovalencia.com\/index.php\/wp-json\/wp\/v2\/media?parent=220"}],"curies":[{"name":"wp","href":"https:\/\/api.w.org\/{rel}","templated":true}]}}